{"id":7366,"date":"2015-11-18T08:37:53","date_gmt":"2015-11-18T08:37:53","guid":{"rendered":"http:\/\/interior-design.cmsmasters.net\/?page_id=7366"},"modified":"2019-10-08T23:38:55","modified_gmt":"2019-10-08T21:38:55","slug":"home-store","status":"publish","type":"page","link":"https:\/\/dansecorpsemotions.fr\/","title":{"rendered":"Accueil"},"content":{"rendered":"<div id=\"cmsmasters_row_46351931b1\" class=\"cmsmasters_row cmsmasters_color_scheme_default cmsmasters_row_top_default cmsmasters_row_bot_default cmsmasters_row_fullwidth\">\n<div class=\"cmsmasters_row_outer_parent\">\n<div class=\"cmsmasters_row_outer\">\n<div class=\"cmsmasters_row_inner cmsmasters_row_fullwidth\">\n<div class=\"cmsmasters_row_margin\">\n<div id=\"cmsmasters_column_\" class=\"cmsmasters_column one_first\">\n<div class=\"cmsmasters_column_inner\">\n<div class=\"cmsmasters_slider\">\n\t\t\t<!-- START Homepage Slider REVOLUTION SLIDER 6.1.1 --><p class=\"rs-p-wp-fix\"><\/p>\n\t\t\t<rs-module-wrap id=\"rev_slider_1_1_wrapper\" data-source=\"gallery\" style=\"background:transparent;padding:0;margin:0px auto;margin-top:0;margin-bottom:0;\">\n\t\t\t\t<rs-module id=\"rev_slider_1_1\" style=\"display:none;\" data-version=\"6.1.1\">\n\t\t\t\t\t<rs-slides>\n\t\t\t\t\t\t<rs-slide data-key=\"rs-1\" data-title=\"Slide\" data-anim=\"ei:d;eo:d;s:600;r:0;t:fade;sl:d;\">\n\t\t\t\t\t\t\t<img src=\"\/\/dansecorpsemotions.fr\/wp-content\/uploads\/2019\/09\/BANNIERE-2.jpg\" title=\"BANNIERE 2\" width=\"4000\" height=\"2120\" data-parallax=\"off\" class=\"rev-slidebg\" data-no-retina>\n<!--\n\t\t\t\t\t\t\t--><rs-layer\n\t\t\t\t\t\t\t\tid=\"slider-1-slide-1-layer-7\" \n\t\t\t\t\t\t\t\tclass=\"rs-pxl-1\"\n\t\t\t\t\t\t\t\tdata-type=\"image\"\n\t\t\t\t\t\t\t\tdata-rsp_ch=\"on\"\n\t\t\t\t\t\t\t\tdata-xy=\"x:c;xo:18px,13px,9px,5px;y:m;yo:28px,21px,15px,9px;\"\n\t\t\t\t\t\t\t\tdata-text=\"w:normal;s:20,15,11,6;l:0,19,14,8;\"\n\t\t\t\t\t\t\t\tdata-dim=\"w:1131px,877px,666px,410px;h:822px,637px,483px,297px;\"\n\t\t\t\t\t\t\t\tdata-frame_999=\"o:0;st:w;\"\n\t\t\t\t\t\t\t\tstyle=\"z-index:8;font-family:Roboto;\"\n\t\t\t\t\t\t\t><img src=\"\/\/dansecorpsemotions.fr\/wp-content\/uploads\/2019\/09\/Sans-titre-1-1.png\" width=\"3210\" height=\"2333\" data-no-retina> \n\t\t\t\t\t\t\t<\/rs-layer><!--\n-->\t\t\t\t\t\t<\/rs-slide>\n\t\t\t\t\t\t<rs-slide data-key=\"rs-3\" data-title=\"Slide\" data-anim=\"ei:d;eo:d;s:600;r:0;t:fade;sl:d;\">\n\t\t\t\t\t\t\t<img src=\"\/\/dansecorpsemotions.fr\/wp-content\/uploads\/2019\/09\/fond-ecr.jpg\" title=\"fond ecr\" width=\"4135\" height=\"3306\" data-bg=\"p:center top;\" data-parallax=\"off\" class=\"rev-slidebg\" data-no-retina>\n<!--\n\t\t\t\t\t\t\t--><rs-layer\n\t\t\t\t\t\t\t\tid=\"slider-1-slide-3-layer-7\" \n\t\t\t\t\t\t\t\tclass=\"rs-pxl-1\"\n\t\t\t\t\t\t\t\tdata-type=\"image\"\n\t\t\t\t\t\t\t\tdata-rsp_ch=\"on\"\n\t\t\t\t\t\t\t\tdata-xy=\"x:c;xo:18px,13px,9px,5px;y:m;yo:28px,21px,15px,9px;\"\n\t\t\t\t\t\t\t\tdata-text=\"w:normal;s:20,15,11,6;l:0,19,14,8;\"\n\t\t\t\t\t\t\t\tdata-dim=\"w:1131px,877px,666px,410px;h:822px,637px,483px,297px;\"\n\t\t\t\t\t\t\t\tdata-frame_999=\"o:0;st:w;\"\n\t\t\t\t\t\t\t\tstyle=\"z-index:8;font-family:Roboto;\"\n\t\t\t\t\t\t\t><img src=\"\/\/dansecorpsemotions.fr\/wp-content\/uploads\/2019\/09\/Sans-titre-1-1.png\" width=\"3210\" height=\"2333\" data-no-retina> \n\t\t\t\t\t\t\t<\/rs-layer><!--\n-->\t\t\t\t\t\t<\/rs-slide>\n\t\t\t\t\t<\/rs-slides>\n\t\t\t\t\t<rs-progress class=\"rs-bottom\" style=\"visibility: hidden !important;\"><\/rs-progress>\n\t\t\t\t<\/rs-module>\n\t\t\t\t<script type=\"text\/javascript\">\n\t\t\t\t\tsetREVStartSize({c: 'rev_slider_1_1',rl:[1240,1024,778,480],el:[800,768,678,720],gw:[1320,1024,778,480],gh:[800,768,678,720],layout:'fullwidth',mh:\"0\"});\n\t\t\t\t\tvar\trevapi1,\n\t\t\t\t\t\ttpj;\n\t\t\t\t\tjQuery(function() {\n\t\t\t\t\t\ttpj = jQuery;\n\t\t\t\t\t\tif(tpj(\"#rev_slider_1_1\").revolution == undefined){\n\t\t\t\t\t\t\trevslider_showDoubleJqueryError(\"#rev_slider_1_1\");\n\t\t\t\t\t\t}else{\n\t\t\t\t\t\t\trevapi1 = tpj(\"#rev_slider_1_1\").show().revolution({\n\t\t\t\t\t\t\t\tjsFileLocation:\"\/\/dansecorpsemotions.fr\/wp-content\/plugins\/revslider\/public\/assets\/js\/\",\n\t\t\t\t\t\t\t\tsliderLayout:\"fullwidth\",\n\t\t\t\t\t\t\t\tduration:5000,\n\t\t\t\t\t\t\t\tvisibilityLevels:\"1240,1024,778,480\",\n\t\t\t\t\t\t\t\tgridwidth:\"1320,1024,778,480\",\n\t\t\t\t\t\t\t\tgridheight:\"800,768,678,720\",\n\t\t\t\t\t\t\t\tminHeight:\"\",\n\t\t\t\t\t\t\t\tspinner:\"spinner0\",\n\t\t\t\t\t\t\t\teditorheight:\"800,768,678,720\",\n\t\t\t\t\t\t\t\tresponsiveLevels:\"1240,1024,778,480\",\n\t\t\t\t\t\t\t\tdisableProgressBar:\"on\",\n\t\t\t\t\t\t\t\tnavigation: {\n\t\t\t\t\t\t\t\t\tmouseScrollNavigation:false,\n\t\t\t\t\t\t\t\t\tonHoverStop:false,\n\t\t\t\t\t\t\t\t\ttouch: {\n\t\t\t\t\t\t\t\t\t\ttouchenabled:true,\n\t\t\t\t\t\t\t\t\t\ttouchOnDesktop:true\n\t\t\t\t\t\t\t\t\t}\n\t\t\t\t\t\t\t\t},\n\t\t\t\t\t\t\t\tparallax: {\n\t\t\t\t\t\t\t\t\tlevels:[5,10,15,20,25,30,35,40,45,46,47,48,49,50,51,55],\n\t\t\t\t\t\t\t\t\ttype:\"mouse\"\n\t\t\t\t\t\t\t\t},\n\t\t\t\t\t\t\t\tfallbacks: {\n\t\t\t\t\t\t\t\t\tallowHTML5AutoPlayOnAndroid:true\n\t\t\t\t\t\t\t\t},\n\t\t\t\t\t\t\t});\n\t\t\t\t\t\t}\n\t\t\t\t\t\t\n\t\t\t\t\t});\n\t\t\t\t<\/script>\n\t\t\t<\/rs-module-wrap>\n\t\t\t<!-- END REVOLUTION SLIDER -->\n<\/div>\n<\/div><\/div>\n<\/div>\n<\/div>\n<\/div>\n<\/div>\n<\/div>\n<div id=\"cmsmasters_row_znpxyltpp2\" class=\"cmsmasters_row cmsmasters_color_scheme_default cmsmasters_row_top_default cmsmasters_row_bot_default cmsmasters_row_boxed\">\n<div class=\"cmsmasters_row_outer_parent\">\n<div class=\"cmsmasters_row_outer\">\n<div class=\"cmsmasters_row_inner\">\n<div class=\"cmsmasters_row_margin\">\n<div id=\"cmsmasters_column_d2abjduesx\" class=\"cmsmasters_column one_first\">\n<div class=\"cmsmasters_column_inner\"><div id=\"cmsmasters_heading_ybkhw1d4wk\" class=\"cmsmasters_heading_wrap cmsmasters_heading_align_center\">\n\t<h4 class=\"cmsmasters_heading\">Bienvenue sur le site Danse Corps Emotions<\/h4>\n<\/div><div id=\"cmsmasters_fb_l4sidn97cm\" class=\"cmsmasters_featured_block\">\n<div class=\"featured_block_inner\">\n<div class=\"featured_block_text\">\n<div id=\"cmsmasters_heading_y6faxqp8jn\" class=\"cmsmasters_heading_wrap cmsmasters_heading_align_center\">\n\t<h2 class=\"cmsmasters_heading\">\u00ab\u00a0Ecoute du Mouvement, la Voix du Corps\u00ae\u00a0\u00bb<\/h2>\n<\/div><br \/>\n<figure id=\"attachment_13817\" aria-describedby=\"caption-attachment-13817\" style=\"width: 482px\" class=\"wp-caption aligncenter\"><img decoding=\"async\" loading=\"lazy\" class=\"wp-image-13817 \" src=\"https:\/\/dansecorpsemotions.fr\/wp-content\/uploads\/2019\/09\/01.jpg\" alt=\"\" width=\"482\" height=\"723\" srcset=\"https:\/\/dansecorpsemotions.fr\/wp-content\/uploads\/2019\/09\/01.jpg 1667w, https:\/\/dansecorpsemotions.fr\/wp-content\/uploads\/2019\/09\/01-200x300.jpg 200w, https:\/\/dansecorpsemotions.fr\/wp-content\/uploads\/2019\/09\/01-768x1152.jpg 768w, https:\/\/dansecorpsemotions.fr\/wp-content\/uploads\/2019\/09\/01-683x1024.jpg 683w, https:\/\/dansecorpsemotions.fr\/wp-content\/uploads\/2019\/09\/01-860x1290.jpg 860w, https:\/\/dansecorpsemotions.fr\/wp-content\/uploads\/2019\/09\/01-1160x1740.jpg 1160w, https:\/\/dansecorpsemotions.fr\/wp-content\/uploads\/2019\/09\/01-1320x1980.jpg 1320w, https:\/\/dansecorpsemotions.fr\/wp-content\/uploads\/2019\/09\/01-600x900.jpg 600w\" sizes=\"(max-width: 482px) 100vw, 482px\" \/><figcaption id=\"caption-attachment-13817\" class=\"wp-caption-text\">Laurence Sadon<\/figcaption><\/figure>\n<p lang=\"en-US\" align=\"JUSTIFY\"><span style=\"font-family: Arial, sans-serif;\"><span style=\"font-family: Calibri, sans-serif;\"><span style=\"font-size: medium;\"><span lang=\"fr-FR\">Danse Art-Th\u00e9rapeute certifi\u00e9e formation EMVC\u00ae \u00abEcoute du Mouvement, la Voix <\/span><\/span><\/span><span style=\"font-family: Calibri, sans-serif;\"><span style=\"font-size: medium;\"><span lang=\"fr-FR\">du <\/span><\/span><\/span><span style=\"font-family: Calibri, sans-serif;\"><span style=\"font-size: medium;\"><span lang=\"fr-FR\">Corps<\/span><\/span><\/span><sup><span style=\"font-family: Calibri, sans-serif;\"><span style=\"font-size: xx-small;\"><span lang=\"fr-FR\">\u00ae<\/span><\/span><\/span><\/sup><span style=\"font-family: Calibri, sans-serif;\"><span style=\"font-size: medium;\"><span lang=\"fr-FR\">\u00bb, valid\u00e9e et certifi\u00e9e par le CID (Conseil International <\/span><\/span><\/span><span style=\"font-family: Calibri, sans-serif;\"><span style=\"font-size: medium;\"><span lang=\"fr-FR\">de <\/span><\/span><\/span><span style=\"font-family: Calibri, sans-serif;\"><span style=\"font-size: medium;\"><span lang=\"fr-FR\">la Danse) l&rsquo;UNESCO, membre de la FFAT (F\u00e9d\u00e9ration Fran\u00e7aise des Art-th\u00e9rapeutes), danseuse depuis toujours et professeur de danse, ma m\u00e9thode \u00ab\u00a0Danse Corps \u00c9motions\u00a0\u00bb propose de laisser s\u2019exprimer votre corps, sa po\u00e9sie, son v\u00e9cu, ses blessures sur des th\u00e9matiques choisies puis, apr\u00e8s avoir trouv\u00e9 l\u2019harmonie, de pouvoir verbaliser. <\/span><\/span><\/span><\/span><\/p>\n<p lang=\"en-US\" align=\"JUSTIFY\"><span style=\"font-family: Arial, sans-serif;\"><span style=\"font-family: Calibri, sans-serif;\"><span style=\"font-size: medium;\"><span lang=\"fr-FR\">Ainsi, le corps dansant s\u2019exprime sur une vague musicale des 5 rythmes, sans l\u2019intervention du mental, r\u00e9v\u00e8le nos \u00e9motions les plus profondes et les panse! \u00c9coutons notre sensorialit\u00e9\u2026 <\/span><\/span><\/span><span style=\"font-family: Calibri, sans-serif;\"><span style=\"font-size: medium;\"><span lang=\"fr-FR\"><b>L\u00e0 o\u00f9 le geste prend la parole<\/b><\/span><\/span><\/span><span style=\"font-family: Calibri, sans-serif;\"><span style=\"font-size: medium;\"><span lang=\"fr-FR\">.<\/span><\/span><\/span><\/span><\/p>\n<p lang=\"fr-FR\" align=\"JUSTIFY\"><span style=\"font-family: Calibri, sans-serif;\"><span style=\"font-size: medium;\">Je travaille \u00e9galement via le mime et les outils du th\u00e9\u00e2tre : improvisation, mise en sc\u00e8ne instinctive, jeux de r\u00f4le\u2026(Membre de l\u2019Association Nationale de Dramath\u00e9rapie). <\/span><\/span><\/p>\n\n<\/div>\n<\/div>\n<\/div>\n<div id=\"cmsmasters_button_y7394z5m\" class=\"button_wrap\"><a href=\"https:\/\/dansecorpsemotions.fr\/?page_id=529\" class=\"cmsmasters_button\"><span>En savoir plus<\/span><\/a><\/div>\n<\/div><\/div>\n<\/div>\n<\/div>\n<\/div>\n<\/div>\n<\/div>\n<div id=\"cmsmasters_row_2p5agdcir\" class=\"cmsmasters_row cmsmasters_color_scheme_default cmsmasters_row_top_default cmsmasters_row_bot_default cmsmasters_row_boxed\">\n<div class=\"cmsmasters_row_outer_parent\">\n<div class=\"cmsmasters_row_outer\">\n<div class=\"cmsmasters_row_inner\">\n<div class=\"cmsmasters_row_margin\">\n<div id=\"cmsmasters_column_k0xczfieu6\" class=\"cmsmasters_column one_half\">\n<div class=\"cmsmasters_column_inner\"><div id=\"cmsmasters_fb_iw3ply7gte\" class=\"cmsmasters_featured_block\">\n<div class=\"featured_block_inner\">\n<div class=\"featured_block_text\">\n<div id=\"cmsmasters_heading_fgi8g3idoo\" class=\"cmsmasters_heading_wrap cmsmasters_heading_align_left\">\n\t<h2 class=\"cmsmasters_heading\">Faire \u00e9merger, accueillir, transformer ses \u00e9motions et se permettre d&rsquo;\u00eatre ! <\/h2>\n<\/div>\n\n<\/div>\n<\/div>\n<\/div>\n<\/div><\/div>\n<div id=\"cmsmasters_column_c2i1uy6vhs\" class=\"cmsmasters_column one_half cmsmasters_custom_button_align\">\n<div class=\"cmsmasters_column_inner\">\n<div id=\"cmsmasters_divider_26752hctb8\" class=\"cl\"><\/div>\n<div id=\"cmsmasters_button_c9pz4ljhhj\" class=\"button_wrap\"><a href=\"https:\/\/dansecorpsemotions.fr\/wp-content\/uploads\/2019\/09\/Planning2019.pdf\" class=\"cmsmasters_button\"><span>T\u00e9l\u00e9charger le planning<\/span><\/a><\/div>\n<\/div><\/div>\n<\/div>\n<\/div>\n<\/div>\n<\/div>\n<\/div>\n<div id=\"cmsmasters_row_cl93i4tgn8\" class=\"cmsmasters_row cmsmasters_color_scheme_default cmsmasters_row_top_default cmsmasters_row_bot_default cmsmasters_row_boxed\">\n<div class=\"cmsmasters_row_outer_parent\">\n<div class=\"cmsmasters_row_outer\">\n<div class=\"cmsmasters_row_inner\">\n<div class=\"cmsmasters_row_margin cmsmasters_row_columns_behavior\">\n<div id=\"cmsmasters_column_fozzron897\" class=\"cmsmasters_column one_third\">\n<div class=\"cmsmasters_column_inner\"><div id=\"cmsmasters_fb_y9y0ifkj1\" class=\"cmsmasters_featured_block\">\n<div class=\"featured_block_inner\">\n<div class=\"featured_block_text\">\n<div id=\"cmsmasters_heading_kymxjzcxf\" class=\"cmsmasters_heading_wrap cmsmasters_heading_align_center\">\n\t<h4 class=\"cmsmasters_heading\"><a href=\"https:\/\/dansecorpsemotions.fr\/?page_id=13425\">DANSE ART TH\u00c9RAPIE<\/a><\/h4>\n<\/div>\n\n<\/div>\n<\/div>\n<\/div>\n<\/div><\/div>\n<div id=\"cmsmasters_column_prgjqoponx\" class=\"cmsmasters_column one_third\">\n<div class=\"cmsmasters_column_inner\"><div id=\"cmsmasters_fb_kymxjzcxf\" class=\"cmsmasters_featured_block\">\n<div class=\"featured_block_inner\">\n<div class=\"featured_block_text\">\n<div id=\"cmsmasters_heading_kymxjzcxf\" class=\"cmsmasters_heading_wrap cmsmasters_heading_align_center\">\n\t<h4 class=\"cmsmasters_heading\"><a href=\"https:\/\/dansecorpsemotions.fr\/?page_id=13918\">DANSE<\/a><\/h4>\n<\/div>\n\n<\/div>\n<\/div>\n<\/div>\n<\/div><\/div>\n<div id=\"cmsmasters_column_w8laqlul5\" class=\"cmsmasters_column one_third\">\n<div class=\"cmsmasters_column_inner\"><div id=\"cmsmasters_fb_7z6qc2077\" class=\"cmsmasters_featured_block\">\n<div class=\"featured_block_inner\">\n<div class=\"featured_block_text\">\n<div id=\"cmsmasters_heading_7z6qc2077\" class=\"cmsmasters_heading_wrap cmsmasters_heading_align_center\">\n\t<h4 class=\"cmsmasters_heading\"><a href=\"https:\/\/dansecorpsemotions.fr\/?page_id=13918\"> EXPRESSION CORPORELLE<\/a><\/h4>\n<\/div>\n\n<\/div>\n<\/div>\n<\/div>\n<\/div><\/div>\n<\/div>\n<\/div>\n<\/div>\n<\/div>\n<\/div>\n<div id=\"cmsmasters_row_ark9mye4p6\" class=\"cmsmasters_row cmsmasters_color_scheme_default cmsmasters_row_top_default cmsmasters_row_bot_default cmsmasters_row_boxed\">\n<div class=\"cmsmasters_row_outer_parent\">\n<div class=\"cmsmasters_row_outer\">\n<div class=\"cmsmasters_row_inner\">\n<div class=\"cmsmasters_row_margin\">\n<div id=\"cmsmasters_column_ddyhkjawl\" class=\"cmsmasters_column one_first\">\n<div class=\"cmsmasters_column_inner\"><div id=\"cmsmasters_heading_mjk35zumjk\" class=\"cmsmasters_heading_wrap cmsmasters_heading_align_center\">\n\t<h2 class=\"cmsmasters_heading\">Derni\u00e8res news et ateliers<\/h2>\n<\/div>\n<div class=\"cmsmasters_posts_slider post\" >\r\n\t\t<div id=\"cmsmasters_slider_wneumtdh7i\" class=\"cmsmasters_owl_slider owl-carousel\" data-items=\"3\" data-single-item=\"false\" data-auto-play=\"5000\" data-navigation=\"false\"><div class=\"cmsmasters_owl_slider_item\"><!-- Start Posts Slider Post Article -->\r\n<article id=\"post-14161\" class=\"cmsmasters_slider_post post-14161 post type-post status-publish format-standard hentry category-news category-non-classe\">\r\n\t<div class=\"cmsmasters_slider_post_outer\">\r\n\t<div class=\"cmsmasters_slider_post_media_wrap\"><figure class=\"cmsmasters_img_rollover_wrap preloader\"><span class=\"img_placeholder cmsmasters_theme_icon_image\"><\/span><div class=\"cmsmasters_img_rollover\"><a href=\"https:\/\/dansecorpsemotions.fr\/?p=14161\" title=\"Rencontre \u00ab\u00a0Dialoguer avec le monde en mouvement\u00a0\u00bb\" class=\"cmsmasters_open_link\"><\/a><\/div><\/figure><span class=\"cmsmasters_slider_post_category\"><a href=\"https:\/\/dansecorpsemotions.fr\/?cat=46\" class=\"cmsmasters_cat_color cmsmasters_cat_46\" rel=\"category tag\">News<\/a><a href=\"https:\/\/dansecorpsemotions.fr\/?cat=1\" class=\"cmsmasters_cat_color cmsmasters_cat_1\" rel=\"category tag\">Non class\u00e9<\/a><\/span><\/div><div class=\"cmsmasters_slider_post_inner\"><header class=\"cmsmasters_slider_post_header entry-header\"><h3 class=\"cmsmasters_slider_post_title entry-title\"><a href=\"https:\/\/dansecorpsemotions.fr\/?p=14161\">Rencontre \u00ab\u00a0Dialoguer avec le monde en mouvement\u00a0\u00bb<\/a><\/h3><\/header><div class=\"cmsmasters_slider_post_cont_info entry-meta\"><span class=\"cmsmasters_slider_post_date\"><abbr class=\"published\" title=\"12 f\u00e9vrier 2026\">12 f\u00e9vrier 2026<\/abbr><abbr class=\"dn date updated\" title=\"1 mars 2026\">1 mars 2026<\/abbr><\/span><\/div><footer class=\"cmsmasters_slider_post_footer entry-meta\"><a class=\"cmsmasters_slider_post_read_more\" href=\"https:\/\/dansecorpsemotions.fr\/?p=14161\">Read More<\/a><\/footer><\/div>\t<\/div>\r\n<\/article>\r\n<!-- Finish Posts Slider Post Article -->\r\n\r\n<\/div><div class=\"cmsmasters_owl_slider_item\"><!-- Start Posts Slider Post Article -->\r\n<article id=\"post-13975\" class=\"cmsmasters_slider_post post-13975 post type-post status-publish format-image has-post-thumbnail hentry category-news post_format-post-format-image\">\r\n\t<div class=\"cmsmasters_slider_post_outer\">\r\n\t<div class=\"cmsmasters_slider_post_media_wrap\"><figure class=\"cmsmasters_img_rollover_wrap preloader\"><img width=\"580\" height=\"386\" src=\"https:\/\/dansecorpsemotions.fr\/wp-content\/uploads\/2019\/09\/70007541_453684772154936_3366304764269690880_n-580x386.jpg\" class=\"full-width wp-post-image\" alt=\"S\u00e9ances individuelles\" decoding=\"async\" loading=\"lazy\" title=\"S\u00e9ances individuelles\" \/><div class=\"cmsmasters_img_rollover\"><a href=\"https:\/\/dansecorpsemotions.fr\/?p=13975\" title=\"S\u00e9ances individuelles\" class=\"cmsmasters_open_link\"><\/a><\/div><\/figure><span class=\"cmsmasters_slider_post_category\"><a href=\"https:\/\/dansecorpsemotions.fr\/?cat=46\" class=\"cmsmasters_cat_color cmsmasters_cat_46\" rel=\"category tag\">News<\/a><\/span><\/div><div class=\"cmsmasters_slider_post_inner\"><header class=\"cmsmasters_slider_post_header entry-header\"><h3 class=\"cmsmasters_slider_post_title entry-title\"><a href=\"https:\/\/dansecorpsemotions.fr\/?p=13975\">S\u00e9ances individuelles<\/a><\/h3><\/header><div class=\"cmsmasters_slider_post_cont_info entry-meta\"><span class=\"cmsmasters_slider_post_date\"><abbr class=\"published\" title=\"25 mars 2023\">25 mars 2023<\/abbr><abbr class=\"dn date updated\" title=\"25 mars 2023\">25 mars 2023<\/abbr><\/span><\/div><div class=\"cmsmasters_slider_post_content entry-content\">\n<p>S\u00e9ance psychocorporelle de danse et art th\u00e9rapie M\u00e9dias : Musique, danse, drama th\u00e9rapie, arts divers<\/p>\n<\/div>\n<footer class=\"cmsmasters_slider_post_footer entry-meta\"><a class=\"cmsmasters_slider_post_read_more\" href=\"https:\/\/dansecorpsemotions.fr\/?p=13975\">Read More<\/a><\/footer><\/div>\t<\/div>\r\n<\/article>\r\n<!-- Finish Posts Slider Post Article -->\r\n\r\n<\/div><\/div><\/div>\n<\/div><\/div>\n<\/div>\n<\/div>\n<\/div>\n<\/div>\n<\/div>\n\n","protected":false},"excerpt":{"rendered":"","protected":false},"author":1,"featured_media":0,"parent":0,"menu_order":0,"comment_status":"closed","ping_status":"closed","template":"","meta":[],"yoast_head":"<!-- This site is optimized with the Yoast SEO plugin v20.3 - https:\/\/yoast.com\/wordpress\/plugins\/seo\/ -->\n<title>Accueil - Danse Corps Emotions<\/title>\n<meta name=\"description\" content=\"Laurence Sadon - Danse Corps Emotions, Danse Art Th\u00e9rapeute EMVC et Expression corporelle 06 Alpes Maritimes\" \/>\n<meta name=\"robots\" content=\"index, follow, max-snippet:-1, max-image-preview:large, max-video-preview:-1\" \/>\n<link rel=\"canonical\" href=\"https:\/\/dansecorpsemotions.fr\/\" \/>\n<meta property=\"og:locale\" content=\"fr_FR\" \/>\n<meta property=\"og:type\" content=\"article\" \/>\n<meta property=\"og:title\" content=\"Accueil - Danse Corps Emotions\" \/>\n<meta property=\"og:description\" content=\"Laurence Sadon - Danse Corps Emotions, Danse Art Th\u00e9rapeute EMVC et Expression corporelle 06 Alpes Maritimes\" \/>\n<meta property=\"og:url\" content=\"https:\/\/dansecorpsemotions.fr\/\" \/>\n<meta property=\"og:site_name\" content=\"Danse Corps Emotions\" \/>\n<meta property=\"article:modified_time\" content=\"2019-10-08T21:38:55+00:00\" \/>\n<meta property=\"og:image\" content=\"https:\/\/dansecorpsemotions.fr\/wp-content\/uploads\/2019\/09\/01.jpg\" \/>\n<meta name=\"twitter:card\" content=\"summary_large_image\" \/>\n<meta name=\"twitter:label1\" content=\"Dur\u00e9e de lecture estim\u00e9e\" \/>\n\t<meta name=\"twitter:data1\" content=\"7 minutes\" \/>\n<script type=\"application\/ld+json\" class=\"yoast-schema-graph\">{\"@context\":\"https:\/\/schema.org\",\"@graph\":[{\"@type\":\"WebPage\",\"@id\":\"https:\/\/dansecorpsemotions.fr\/\",\"url\":\"https:\/\/dansecorpsemotions.fr\/\",\"name\":\"Accueil - Danse Corps Emotions\",\"isPartOf\":{\"@id\":\"https:\/\/dansecorpsemotions.fr\/#website\"},\"datePublished\":\"2015-11-18T08:37:53+00:00\",\"dateModified\":\"2019-10-08T21:38:55+00:00\",\"description\":\"Laurence Sadon - Danse Corps Emotions, Danse Art Th\u00e9rapeute EMVC et Expression corporelle 06 Alpes Maritimes\",\"breadcrumb\":{\"@id\":\"https:\/\/dansecorpsemotions.fr\/#breadcrumb\"},\"inLanguage\":\"fr-FR\",\"potentialAction\":[{\"@type\":\"ReadAction\",\"target\":[\"https:\/\/dansecorpsemotions.fr\/\"]}]},{\"@type\":\"BreadcrumbList\",\"@id\":\"https:\/\/dansecorpsemotions.fr\/#breadcrumb\",\"itemListElement\":[{\"@type\":\"ListItem\",\"position\":1,\"name\":\"Home\",\"item\":\"https:\/\/dansecorpsemotions.fr\/\"},{\"@type\":\"ListItem\",\"position\":2,\"name\":\"Accueil\"}]},{\"@type\":\"WebSite\",\"@id\":\"https:\/\/dansecorpsemotions.fr\/#website\",\"url\":\"https:\/\/dansecorpsemotions.fr\/\",\"name\":\"Danse Corps Emotions\",\"description\":\"Ecoute du mouvement, la voix du corps\",\"potentialAction\":[{\"@type\":\"SearchAction\",\"target\":{\"@type\":\"EntryPoint\",\"urlTemplate\":\"https:\/\/dansecorpsemotions.fr\/?s={search_term_string}\"},\"query-input\":\"required name=search_term_string\"}],\"inLanguage\":\"fr-FR\"}]}<\/script>\n<!-- \/ Yoast SEO plugin. -->","yoast_head_json":{"title":"Accueil - Danse Corps Emotions","description":"Laurence Sadon - Danse Corps Emotions, Danse Art Th\u00e9rapeute EMVC et Expression corporelle 06 Alpes Maritimes","robots":{"index":"index","follow":"follow","max-snippet":"max-snippet:-1","max-image-preview":"max-image-preview:large","max-video-preview":"max-video-preview:-1"},"canonical":"https:\/\/dansecorpsemotions.fr\/","og_locale":"fr_FR","og_type":"article","og_title":"Accueil - Danse Corps Emotions","og_description":"Laurence Sadon - Danse Corps Emotions, Danse Art Th\u00e9rapeute EMVC et Expression corporelle 06 Alpes Maritimes","og_url":"https:\/\/dansecorpsemotions.fr\/","og_site_name":"Danse Corps Emotions","article_modified_time":"2019-10-08T21:38:55+00:00","og_image":[{"url":"https:\/\/dansecorpsemotions.fr\/wp-content\/uploads\/2019\/09\/01.jpg"}],"twitter_card":"summary_large_image","twitter_misc":{"Dur\u00e9e de lecture estim\u00e9e":"7 minutes"},"schema":{"@context":"https:\/\/schema.org","@graph":[{"@type":"WebPage","@id":"https:\/\/dansecorpsemotions.fr\/","url":"https:\/\/dansecorpsemotions.fr\/","name":"Accueil - Danse Corps Emotions","isPartOf":{"@id":"https:\/\/dansecorpsemotions.fr\/#website"},"datePublished":"2015-11-18T08:37:53+00:00","dateModified":"2019-10-08T21:38:55+00:00","description":"Laurence Sadon - Danse Corps Emotions, Danse Art Th\u00e9rapeute EMVC et Expression corporelle 06 Alpes Maritimes","breadcrumb":{"@id":"https:\/\/dansecorpsemotions.fr\/#breadcrumb"},"inLanguage":"fr-FR","potentialAction":[{"@type":"ReadAction","target":["https:\/\/dansecorpsemotions.fr\/"]}]},{"@type":"BreadcrumbList","@id":"https:\/\/dansecorpsemotions.fr\/#breadcrumb","itemListElement":[{"@type":"ListItem","position":1,"name":"Home","item":"https:\/\/dansecorpsemotions.fr\/"},{"@type":"ListItem","position":2,"name":"Accueil"}]},{"@type":"WebSite","@id":"https:\/\/dansecorpsemotions.fr\/#website","url":"https:\/\/dansecorpsemotions.fr\/","name":"Danse Corps Emotions","description":"Ecoute du mouvement, la voix du corps","potentialAction":[{"@type":"SearchAction","target":{"@type":"EntryPoint","urlTemplate":"https:\/\/dansecorpsemotions.fr\/?s={search_term_string}"},"query-input":"required name=search_term_string"}],"inLanguage":"fr-FR"}]}},"_links":{"self":[{"href":"https:\/\/dansecorpsemotions.fr\/index.php?rest_route=\/wp\/v2\/pages\/7366"}],"collection":[{"href":"https:\/\/dansecorpsemotions.fr\/index.php?rest_route=\/wp\/v2\/pages"}],"about":[{"href":"https:\/\/dansecorpsemotions.fr\/index.php?rest_route=\/wp\/v2\/types\/page"}],"author":[{"embeddable":true,"href":"https:\/\/dansecorpsemotions.fr\/index.php?rest_route=\/wp\/v2\/users\/1"}],"replies":[{"embeddable":true,"href":"https:\/\/dansecorpsemotions.fr\/index.php?rest_route=%2Fwp%2Fv2%2Fcomments&post=7366"}],"version-history":[{"count":34,"href":"https:\/\/dansecorpsemotions.fr\/index.php?rest_route=\/wp\/v2\/pages\/7366\/revisions"}],"predecessor-version":[{"id":14062,"href":"https:\/\/dansecorpsemotions.fr\/index.php?rest_route=\/wp\/v2\/pages\/7366\/revisions\/14062"}],"wp:attachment":[{"href":"https:\/\/dansecorpsemotions.fr\/index.php?rest_route=%2Fwp%2Fv2%2Fmedia&parent=7366"}],"curies":[{"name":"wp","href":"https:\/\/api.w.org\/{rel}","templated":true}]}}