{"id":13918,"date":"2019-09-18T02:59:43","date_gmt":"2019-09-18T00:59:43","guid":{"rendered":"https:\/\/dansecorpsemotions.fr\/?page_id=13918"},"modified":"2020-02-16T16:03:52","modified_gmt":"2020-02-16T15:03:52","slug":"danse-et-expression-corporelle","status":"publish","type":"page","link":"https:\/\/dansecorpsemotions.fr\/?page_id=13918","title":{"rendered":"Expression corporelle"},"content":{"rendered":"<div id=\"cmsmasters_row_5ncfnuqhxi\" class=\"cmsmasters_row cmsmasters_color_scheme_default cmsmasters_row_top_default cmsmasters_row_bot_default cmsmasters_row_boxed\">\n<div class=\"cmsmasters_row_outer_parent\">\n<div class=\"cmsmasters_row_outer\">\n<div class=\"cmsmasters_row_inner\">\n<div class=\"cmsmasters_row_margin\">\n<div id=\"cmsmasters_column_8shx0xcjh\" class=\"cmsmasters_column one_first\">\n<div class=\"cmsmasters_column_inner\"><div id=\"cmsmasters_heading_lb3s8j5sm4\" class=\"cmsmasters_heading_wrap cmsmasters_heading_align_center\">\n\t<h2 class=\"cmsmasters_heading\">Expression corporelle et \u00e9motions<\/h2>\n<\/div>\n<\/div><\/div>\n<\/div>\n<\/div>\n<\/div>\n<\/div>\n<\/div>\n<div id=\"cmsmasters_row_xau43pwyq\" class=\"cmsmasters_row cmsmasters_color_scheme_default cmsmasters_row_top_default cmsmasters_row_bot_default cmsmasters_row_boxed\">\n<div class=\"cmsmasters_row_outer_parent\">\n<div class=\"cmsmasters_row_outer\">\n<div class=\"cmsmasters_row_inner\">\n<div class=\"cmsmasters_row_margin\">\n<div id=\"cmsmasters_column_zxkvf5s8u\" class=\"cmsmasters_column one_half\">\n<div class=\"cmsmasters_column_inner\"><div class=\"cmsmasters_img  cmsmasters_image_n\"><img src=\"https:\/\/dansecorpsemotions.fr\/wp-content\/uploads\/2019\/10\/F5-MAI-COSTA-441-1024x866.jpg\" \/><\/div>\n<div id=\"cmsmasters_divider_kno15phnoc\" class=\"cmsmasters_divider cmsmasters_divider_width_long cmsmasters_divider_pos_center\"><\/div>\n<div class=\"cmsmasters_img  cmsmasters_image_n\"><img src=\"https:\/\/dansecorpsemotions.fr\/wp-content\/uploads\/2019\/10\/IMG_00911-768x1024.jpg\" \/><\/div>\n<div id=\"cmsmasters_divider_cmst2upaj\" class=\"cmsmasters_divider cmsmasters_divider_width_long cmsmasters_divider_pos_center\"><\/div>\n<div class=\"cmsmasters_img  cmsmasters_image_n\"><img src=\"https:\/\/dansecorpsemotions.fr\/wp-content\/uploads\/2019\/10\/60246813_2294170964138788_6448513883043790848_n-1160x600.jpg\" \/><\/div>\n<\/div><\/div>\n<div id=\"cmsmasters_column_7r9gudtws\" class=\"cmsmasters_column one_half\">\n<div class=\"cmsmasters_column_inner\"><div id=\"cmsmasters_heading_6cp07lofcs\" class=\"cmsmasters_heading_wrap cmsmasters_heading_align_center\">\n\t<h4 class=\"cmsmasters_heading\">EXPRESSION CORPORELLE<\/h4>\n<\/div><div id=\"cmsmasters_fb_pfo31iooor\" class=\"cmsmasters_featured_block\">\n<div class=\"featured_block_inner\">\n<div class=\"featured_block_text\">\n<div style=\"text-align: left;\">\n<p>L\u2019expression corporelle est un langage et ce langage ce n\u2019est pas seulement une satisfaction du corps ou de corps \u00e0 corps. C\u2019est un art qui transcende le corps.\u00a0 Un art qui exprime des id\u00e9es et des \u00e9motions ou raconte une histoire, peut-\u00eatre son histoire.<\/p>\n<p>Elle s&rsquo;adresse \u00e0 tous, enfants et adultes et r\u00e9v\u00e8le de la m\u00e9moire corporelle \u00e0 la structuration de la pens\u00e9e. Les sons, les couleurs, les odeurs \u00e0 tous les \u00e9l\u00e9ments sont l\u00e0 : l\u2019eau, la terre, le feu et l\u2019air comme pos\u00e9s sur la palette d\u2019un peintre sur laquelle nous n\u2019aurons qu\u2019\u00e0 choisir, m\u00e9langer, organiser&#8230; pour permettre \u00e0 notre mouvement d\u2019atteindre sa fonction po\u00e9tique qu\u2019est l\u2019expression corporelle.<\/p>\n<p><span style=\"color: #ff6600;\"><strong>LES PUBLICS<br \/>\n<\/strong><\/span><\/p>\n<p><span style=\"color: #993300;\"><strong>ADULTES<\/strong><\/span><\/p>\n<p>Tout adulte quelque soit sa forme physique.<\/p>\n<p><strong>Entreprise et \u00c9v\u00e9nementiel<br \/>\n<\/strong><\/p>\n<p>\u2013 Stimulation de l\u2019imaginaire et de la cr\u00e9ativit\u00e9<\/p>\n<p>\u2013 Gestion de la communication non verbale<\/p>\n<p>\u2013 Aller \u00e0 la rencontre de soi-m\u00eame et de l\u2019autre<\/p>\n<p>&#8211;\u00a0 Ice Breaker<\/p>\n<p>\u2013 Re \/cr\u00e9ation du lien avec l\u2019autre\/ coh\u00e9sion d\u2019\u00e9quipe<\/p>\n<p>\u2013 D\u00e9veloppement des sensations, de l\u2019observation et de l\u2019\u00e9coute<\/p>\n<p>\u2013 Expression\u00a0 et Gestion des \u00e9motions<\/p>\n<p>\u2013 Am\u00e9lioration de l\u2019image de soi et du groupe<\/p>\n<p>\u2013 Travailler sur le rythme, le n\u00f4tre et celui qui est propos\u00e9 par une source ext\u00e9rieure<\/p>\n<p>\u2013 Coordination gestuelle personnelle et en groupe<\/p>\n<p>\u2013 \u00a0R\u00e9veil corporel \/ Warm up<\/p>\n<p>\u2013 \u00a0D\u00e9tente et relaxation<\/p>\n<p>&#8211;\u00a0 Chor\u00e9graphie type lip dub pour valorisation d\u2019image<\/p>\n<p><strong>\u00a0<\/strong><\/p>\n<p><strong>Structures sant\u00e9 (h\u00f4pitaux, cliniques, p\u00f4le sant\u00e9, EPAD, maisons de retraite &#8230;)<br \/>\n<\/strong>&#8211; Reconnexion avec son corps, Se r\u00e9approprier son corps<\/p>\n<p>&#8211; Apaisement de la douleur physique par le mouvement<\/p>\n<p>&#8211; Expression de ses sensations et de ses \u00e9motions<\/p>\n<p>&#8211; Facilite la communication non verbale<\/p>\n<p>&#8211; Coordination gestuelle et travail musculaire<\/p>\n<p>&#8211; D\u00e9veloppement des sensations, de l\u2019observation et de l\u2019\u00e9coute<\/p>\n<p>&#8211; Recr\u00e9er du lien avec l\u2019autre<\/p>\n<p>&#8211; Pr\u00e9vention et maintien de l\u2019\u00e9quilibre<\/p>\n<p><strong>Structure foyer (m\u00e8res isol\u00e9es, foyer jeune&#8230;)<\/strong><\/p>\n<p>&#8211; D\u00e9couverte du corps pour les enfants<\/p>\n<p>&#8211; Exp\u00e9rimentation, compr\u00e9hension et conscience du mouvement<\/p>\n<p>&#8211; Expression de Soi et de ses \u00e9motions<\/p>\n<p>&#8211; Cr\u00e9ativit\u00e9<\/p>\n<p>&#8211; Re- Connexion \u00e0 Soi, \u00e0 l\u2019Autre<\/p>\n<p><strong><span style=\"color: #993300;\">ENFANTS<\/span><\/strong><\/p>\n<p>&#8211; D\u00e9couverte du corps<\/p>\n<p>&#8211; Exp\u00e9rimentation, compr\u00e9hension et conscience du mouvement<\/p>\n<p>&#8211; Expression de Soi et de ses \u00e9motions<\/p>\n<p>&#8211; D\u00e9veloppement de la Cr\u00e9ativit\u00e9<\/p>\n<p>&#8211; Cr\u00e9ation de liens avec l\u2019autre<\/p>\n<p>&#8211; Re- Connexion \u00e0 Soi, \u00e0 l\u2019Autre<\/p>\n<p>&#8211; Panser les traumatismes et blessures<\/p>\n<p>&#8211; Connexion \u00e0 la joie<\/p>\n<p>&nbsp;<\/p>\n<\/div>\n\n<\/div>\n<\/div>\n<\/div>\n<\/div><\/div>\n<\/div>\n<\/div>\n<\/div>\n<\/div>\n<\/div>\n\n","protected":false},"excerpt":{"rendered":"","protected":false},"author":1,"featured_media":0,"parent":0,"menu_order":0,"comment_status":"closed","ping_status":"closed","template":"","meta":[],"yoast_head":"<!-- This site is optimized with the Yoast SEO plugin v20.3 - https:\/\/yoast.com\/wordpress\/plugins\/seo\/ -->\n<title>Expression corporelle - Danse Corps Emotions<\/title>\n<meta name=\"description\" content=\"Laurence Sadon - Danse Corps Emotions, Danse Art Th\u00e9rapeute EMVC et Expression corporelle 06 Alpes Maritimes\" \/>\n<meta name=\"robots\" content=\"index, follow, max-snippet:-1, max-image-preview:large, max-video-preview:-1\" \/>\n<link rel=\"canonical\" href=\"https:\/\/dansecorpsemotions.fr\/?page_id=13918\" \/>\n<meta property=\"og:locale\" content=\"fr_FR\" \/>\n<meta property=\"og:type\" content=\"article\" \/>\n<meta property=\"og:title\" content=\"Expression corporelle - Danse Corps Emotions\" \/>\n<meta property=\"og:description\" content=\"Laurence Sadon - Danse Corps Emotions, Danse Art Th\u00e9rapeute EMVC et Expression corporelle 06 Alpes Maritimes\" \/>\n<meta property=\"og:url\" content=\"https:\/\/dansecorpsemotions.fr\/?page_id=13918\" \/>\n<meta property=\"og:site_name\" content=\"Danse Corps Emotions\" \/>\n<meta property=\"article:modified_time\" content=\"2020-02-16T15:03:52+00:00\" \/>\n<meta name=\"twitter:card\" content=\"summary_large_image\" \/>\n<meta name=\"twitter:label1\" content=\"Dur\u00e9e de lecture estim\u00e9e\" \/>\n\t<meta name=\"twitter:data1\" content=\"4 minutes\" \/>\n<script type=\"application\/ld+json\" class=\"yoast-schema-graph\">{\"@context\":\"https:\/\/schema.org\",\"@graph\":[{\"@type\":\"WebPage\",\"@id\":\"https:\/\/dansecorpsemotions.fr\/?page_id=13918\",\"url\":\"https:\/\/dansecorpsemotions.fr\/?page_id=13918\",\"name\":\"Expression corporelle - Danse Corps Emotions\",\"isPartOf\":{\"@id\":\"https:\/\/dansecorpsemotions.fr\/#website\"},\"datePublished\":\"2019-09-18T00:59:43+00:00\",\"dateModified\":\"2020-02-16T15:03:52+00:00\",\"description\":\"Laurence Sadon - Danse Corps Emotions, Danse Art Th\u00e9rapeute EMVC et Expression corporelle 06 Alpes Maritimes\",\"breadcrumb\":{\"@id\":\"https:\/\/dansecorpsemotions.fr\/?page_id=13918#breadcrumb\"},\"inLanguage\":\"fr-FR\",\"potentialAction\":[{\"@type\":\"ReadAction\",\"target\":[\"https:\/\/dansecorpsemotions.fr\/?page_id=13918\"]}]},{\"@type\":\"BreadcrumbList\",\"@id\":\"https:\/\/dansecorpsemotions.fr\/?page_id=13918#breadcrumb\",\"itemListElement\":[{\"@type\":\"ListItem\",\"position\":1,\"name\":\"Home\",\"item\":\"https:\/\/dansecorpsemotions.fr\/\"},{\"@type\":\"ListItem\",\"position\":2,\"name\":\"Expression corporelle\"}]},{\"@type\":\"WebSite\",\"@id\":\"https:\/\/dansecorpsemotions.fr\/#website\",\"url\":\"https:\/\/dansecorpsemotions.fr\/\",\"name\":\"Danse Corps Emotions\",\"description\":\"Ecoute du mouvement, la voix du corps\",\"potentialAction\":[{\"@type\":\"SearchAction\",\"target\":{\"@type\":\"EntryPoint\",\"urlTemplate\":\"https:\/\/dansecorpsemotions.fr\/?s={search_term_string}\"},\"query-input\":\"required name=search_term_string\"}],\"inLanguage\":\"fr-FR\"}]}<\/script>\n<!-- \/ Yoast SEO plugin. -->","yoast_head_json":{"title":"Expression corporelle - Danse Corps Emotions","description":"Laurence Sadon - Danse Corps Emotions, Danse Art Th\u00e9rapeute EMVC et Expression corporelle 06 Alpes Maritimes","robots":{"index":"index","follow":"follow","max-snippet":"max-snippet:-1","max-image-preview":"max-image-preview:large","max-video-preview":"max-video-preview:-1"},"canonical":"https:\/\/dansecorpsemotions.fr\/?page_id=13918","og_locale":"fr_FR","og_type":"article","og_title":"Expression corporelle - Danse Corps Emotions","og_description":"Laurence Sadon - Danse Corps Emotions, Danse Art Th\u00e9rapeute EMVC et Expression corporelle 06 Alpes Maritimes","og_url":"https:\/\/dansecorpsemotions.fr\/?page_id=13918","og_site_name":"Danse Corps Emotions","article_modified_time":"2020-02-16T15:03:52+00:00","twitter_card":"summary_large_image","twitter_misc":{"Dur\u00e9e de lecture estim\u00e9e":"4 minutes"},"schema":{"@context":"https:\/\/schema.org","@graph":[{"@type":"WebPage","@id":"https:\/\/dansecorpsemotions.fr\/?page_id=13918","url":"https:\/\/dansecorpsemotions.fr\/?page_id=13918","name":"Expression corporelle - Danse Corps Emotions","isPartOf":{"@id":"https:\/\/dansecorpsemotions.fr\/#website"},"datePublished":"2019-09-18T00:59:43+00:00","dateModified":"2020-02-16T15:03:52+00:00","description":"Laurence Sadon - Danse Corps Emotions, Danse Art Th\u00e9rapeute EMVC et Expression corporelle 06 Alpes Maritimes","breadcrumb":{"@id":"https:\/\/dansecorpsemotions.fr\/?page_id=13918#breadcrumb"},"inLanguage":"fr-FR","potentialAction":[{"@type":"ReadAction","target":["https:\/\/dansecorpsemotions.fr\/?page_id=13918"]}]},{"@type":"BreadcrumbList","@id":"https:\/\/dansecorpsemotions.fr\/?page_id=13918#breadcrumb","itemListElement":[{"@type":"ListItem","position":1,"name":"Home","item":"https:\/\/dansecorpsemotions.fr\/"},{"@type":"ListItem","position":2,"name":"Expression corporelle"}]},{"@type":"WebSite","@id":"https:\/\/dansecorpsemotions.fr\/#website","url":"https:\/\/dansecorpsemotions.fr\/","name":"Danse Corps Emotions","description":"Ecoute du mouvement, la voix du corps","potentialAction":[{"@type":"SearchAction","target":{"@type":"EntryPoint","urlTemplate":"https:\/\/dansecorpsemotions.fr\/?s={search_term_string}"},"query-input":"required name=search_term_string"}],"inLanguage":"fr-FR"}]}},"_links":{"self":[{"href":"https:\/\/dansecorpsemotions.fr\/index.php?rest_route=\/wp\/v2\/pages\/13918"}],"collection":[{"href":"https:\/\/dansecorpsemotions.fr\/index.php?rest_route=\/wp\/v2\/pages"}],"about":[{"href":"https:\/\/dansecorpsemotions.fr\/index.php?rest_route=\/wp\/v2\/types\/page"}],"author":[{"embeddable":true,"href":"https:\/\/dansecorpsemotions.fr\/index.php?rest_route=\/wp\/v2\/users\/1"}],"replies":[{"embeddable":true,"href":"https:\/\/dansecorpsemotions.fr\/index.php?rest_route=%2Fwp%2Fv2%2Fcomments&post=13918"}],"version-history":[{"count":24,"href":"https:\/\/dansecorpsemotions.fr\/index.php?rest_route=\/wp\/v2\/pages\/13918\/revisions"}],"predecessor-version":[{"id":14120,"href":"https:\/\/dansecorpsemotions.fr\/index.php?rest_route=\/wp\/v2\/pages\/13918\/revisions\/14120"}],"wp:attachment":[{"href":"https:\/\/dansecorpsemotions.fr\/index.php?rest_route=%2Fwp%2Fv2%2Fmedia&parent=13918"}],"curies":[{"name":"wp","href":"https:\/\/api.w.org\/{rel}","templated":true}]}}